-2) - 9/(-6). Suppose p = c, -2*o - 2*o + 49 = 5*p. What is the remainder when 21 is divided by o?
3
Let u(a) = -a**3 + 7*a**2 + 6*a - 19. Let b(j) = 7*j**2 - j + 3. What is the remainder when b(4) is divided by u(7)?
19
Suppose -71*t - 1650 = -101*t. Calculate the remainder when t is divided by 10.
5
Suppose 0 = -4*g + 2*p + 18, -2*p - 23 + 68 = 5*g. Let c = -221 - -244. What is the remainder when c is divided by g?
2
Suppose -2*d - 2 + 6 = 0. Suppose 0 = d*c + 2*c - 176. What is the remainder when 219 is divided by c?
43
Let q be -1 - (-55)/(-2 + 1). Let n = -29 - q. Let i = n + -9. What is the remainder when 70 is divided by i?
16
Let c = -19 + 4. Let h be (-2)/(-1)*c/(-6). Let o = 10 - h. Calculate the remainder when 18 is divided by o.
3
Suppose 0*b = 3*b - 9. Suppose -2*a = b*j - 96, 5*a - j - 54 - 186 = 0. What is the remainder when a is divided by 17?
14
Let u(m) = 16*m + 250. What is the remainder when 248 is divided by u(-15)?
8
Let t(q) = 88*q + 1 - 93*q - 49. Let s(z) = -11*z - 3. What is the remainder when s(-2) is divided by t(-12)?
7
Calculate the remainder when (-4)/6 + (-636)/(-9) is divided by (-16)/40 + (1 - 57/(-5)).
10
Suppose 3*v = -3*c + 57, -3*v = 4*c - 0*v - 75. Let o = -21 - -97. Let z = 87 - o. What is the remainder when c is divided by z?
7
Suppose -2*s = -4*f + 46, -s + 3 = 2*f - 14. What is the remainder when (-22)/(-6)*(2 - -1) is divided by f?
1
Let p be 6/4 + (-1 - -8)/14. Suppose 0 + 6 = -2*r, -5*y - p*r = -39. What is the remainder when 88 is divided by y?
7
Calculate the remainder when (-6 + (-12)/9)*693/(-6) is divided by 22.
11
Let f = -94 - -137. What is the remainder when f is divided by 27?
16
Let a = 35 - 20. Suppose 3*l - 7 - 2 = 4*q, 2 = -2*l. Let g(v) = -4*v - 6. What is the remainder when a is divided by g(q)?
3
Let s = -1395 + 1572. Calculate the remainder when s is divided by 15.
12
Let h = -33 - -31. Suppose -1 = -3*u + 2. Calculate the remainder when 1*(15/u - h) is divided by 9.
8
Let s = 5 + -6. Let k(v) = 49*v**2 - 2*v - 1. Suppose -o = -11 - 6. Calculate the remainder when k(s) is divided by o.
16
Suppose 14 - 8 = 2*t. Suppose 2*y - t*b - 25 = 0, -60 = -3*y - 0*b - 3*b. Calculate the remainder when 98 is divided by y.
13
Let b(g) = 10*g. Suppose 0 = 63*w - 3032 + 1552 - 6017. What is the remainder when w is divided by b(3)?
29
Let s(l) = l**2 - 2*l + 25. Let p be s(0). Suppose -2*h + 45 + p = 0. Calculate the remainder when h is divided by 12.
11
Suppose 3*i = 2*w - 10 - 149, -5*w + 4*i + 394 = 0. What is the remainder when w is divided by 17?
10
Let o be -8*((-6)/(96/(-28)) + -1). Suppose -c - 9 = 2*v, -6*v + 3*c = -2*v + 13. What is the remainder when o/v - 86/(-4) is divided by 13?
10
Suppose 186 = n + 2*n - 2*w, -5*w = 5*n - 310. Let t(c) = -9*c - 2. What is the remainder when n is divided by t(-2)?
14
Let w = 14 - -25. Suppose 3*f - 2*a = -w, a = f - 0*a + 12. Let g = -7 - f. What is the remainder when 22 is divided by g?
6
Let x(o) = 2*o**3 + 8*o**2 - 62*o - 1. What is the remainder when x(6) is divided by 28?
11
Let u(l) = 22*l**2 - l + 1. Suppose 6*p = 4*p + 78. Suppose y - p = 4. Calculate the remainder when y is divided by u(1).
21
Suppose -64*k - 408 = -98*k. Calculate the remainder when 165 is divided by k.
9
Let v be (-213)/(-15) - 8/(-10). Let m = 6 + -8. Let f = v - m. What is the remainder when 50 is divided by f?
16
Suppose 263 + 537 = 40*w. What is the remainder when 165 is divided by w?
5
Let i be (5 - 5)*1/(-3). Let a(z) be the first derivative of z**3/3 - z**2 + 39*z + 21. What is the remainder when a(i) is divided by 21?
18
Let b = 797 - 783. What is the remainder when 55 is divided by b?
13
Let a = -36 + -3. Let p = 43 + a. What is the remainder when p is divided by 2?
0
Suppose 7*z - 48 = 4*z. Let y(k) = k**3 + 4*k**2 + 2*k - 7. Calculate the remainder when y(3) is divided by z.
14
Let u = 329 + -316. What is the remainder when 115 is divided by u?
11
Let x = 61 - 59. Let o = -7 - -12. Calculate the remainder when o is divided by x.
1
Suppose 5600 + 133 = 13*j. Suppose 7*u = -70 + j. What is the remainder when 208 is divided by u?
49
Let o(f) = 2*f**2 - 2*f + 3. Let m = -21 - -21. Suppose -i - 4 = m, 11 = 2*g - g - 2*i. Calculate the remainder when o(2) is divided by g.
1
Let f = -754 - -852. What is the remainder when f is divided by 10?
8
Let g = -26 - -14. Let r be (-3)/g*(2 - -50). Suppose -r*n = -17*n + 52. What is the remainder when 35 is divided by n?
9
Let k(x) = -3*x**3 - 33*x - 124. Calculate the remainder when k(-4) is divided by 8.
0
Suppose 310 = 5*g - 4*q, 0 = 5*g - 3*q + 2*q - 325. Let b = g + -46. What is the remainder when b is divided by 12?
8
Let f = 1144 + -1135. What is the remainder when 6/24 + 470/8 is divided by f?
5
Let b(h) = -4*h + 34. Calculate the remainder when b(-10) is divided by 13.
9
Suppose 4*j - 5*p = 41, 0*p + 43 = 5*j + 2*p. Let d = -4 - -21. What is the remainder when d is divided by j?
8
Suppose -b - 173 = -5*j - 2*b, 3*j - b - 99 = 0. Suppose j*q = 39*q - 70. Calculate the remainder when 109 is divided by q.
11
Suppose -c = -4*v - 54, -2*c + 132 = -0*c + 4*v. What is the remainder when c is divided by 156/20 - 1/(-5)?
6
Suppose 865*w - 878*w + 117 = 0. What is the remainder when 38 is divided by w?
2
Let a = 25 + -21. Suppose -a*c + 171 + 33 = 0. What is the remainder when 100 is divided by c?
49
Let q(r) = r**2 - 7*r - 6. Let a be q(6). Let t = -19 - a. Let z = 11 + t. Calculate the remainder when 5 is divided by z.
1
Suppose 3*h = h - 3*k + 336, 2*k = 5*h - 821. What is the remainder when h is divided by 12?
9
Suppose -90 = -111*t + 102*t. Calculate the remainder when 29 is divided by t.
9
Let i be (1 + (-5)/(-15))/((-2)/(-3)). Suppose -i*y + 28 - 4 = 0. Calculate the remainder when 31 is divided by y.
7
Suppose 0*f + 2*f + 9 = m, 4*m + 5*f = 10. Let u = m + 10. Suppose -3*r + u = -6. What is the remainder when r is divided by 2?
1
Suppose -2*x = -x - 4*f - 15, 5*x - 5*f - 30 = 0. Let q(n) = n - 7. Let a be q(11). What is the remainder when 50 is divided by 18 + (-2 - x) + a?
16
Let j be (-110)/44*(-2 - 0). Suppose -j*g = -173 - 262. Suppose 0*a + 3*a - 66 = 0. What is the remainder when g is divided by a?
21
Let t(g) = 19*g**2 + g + 4. Let y(v) = v**2 - 1. Let w(f) = t(f) + 4*y(f). Let k(b) = -16*b - 3. Calculate the remainder when k(-6) is divided by w(1).
21
Suppose -25*s = -66 - 434. What is the remainder when 69 is divided by s?
9
Let r(k) = k**2 - 29*k - 61. What is the remainder when r(33) is divided by 17?
3
Let n(q) = -16 + 32*q**2 - 24*q + 40 + 12 - q**3 - 7*q**2. What is the remainder when 143 is divided by n(24)?
35
Let b(f) = f**3 - 41*f**2 - 87*f + 64. Calculate the remainder when 90 is divided by b(43).
6
Let d(x) = x**3 + 2*x**2 - x + 2. Let f be d(-3). Let j = 15 + -4. Calculate the remainder when ((f - 11)/(-5))/((-1)/(-7)) is divided by j.
10
Suppose 4*h = -0 - 8. Let p = 3 - h. Suppose 3*m + 0*m - 125 = -2*x, -3*m - p*x + 119 = 0. What is the remainder when m is divided by 11?
10
Let x = 25 - 41. Suppose 0 = -u + 4*s - 18 - 1, -4*s + 8 = 0. Let o = u - x. What is the remainder when 8 is divided by o?
3
Let m(u) = u**3 - 5*u**2 + 29*u - 129. Calculate the remainder when 909 is divided by m(5).
13
Suppose -107 + 0 = -3*b - t, b = 3*t + 29. Calculate the remainder when 103 is divided by b.
33
Let m = 55 + -26. Suppose 3*b - m = 1. What is the remainder when 12 is divided by b?
2
Let n(p) = p**3 - 13*p**2 + 48*p - 27. What is the remainder when (-177)/(-4) - 4/16 is divided by n(5)?
5
Suppose 3*o = -5*w + 47, -o = -3*o - 2*w + 38. What is the remainder when 58 is divided by o?
10
Let x = -18 + 19. Calculate the remainder when 74 is divided by (-10*x)/((-16)/(-10) + -2).
24
Let q(t) = -t**3 - 6*t**2 + t + 8. Let x be q(-6). Suppose z - 4 = 0, 0*u + 3*u = -x*z - 76. What is the remainder when 83 is divided by (u/8)/(2/(-12))?
20
Suppose 4*b + 12 = 5*b. Suppose 2*v + 2*r - 80 = 0, 3*v - v = 2*r + 60. Calculate the remainder when v is divided by b.
11
Suppose 22*i = 19*i + 237. Calculate the remainder when 469 is divided by i.
74
Suppose -l - 4 = -3*l. Suppose -4*p = -d + 7 - 18, 0 = -3*d - 21. Calculate the remainder when l is divided by p.
0
Let q be 9/((-36)/(-136)) + -2*1. Suppose 4*d + 3*f - 55 = 0, -q 